= 5*c - 80. Let k be 4/(-18) - c/(-54). List the prime factors of 12 + (4 + k)/(-2).
2, 5
Let i = 13 - 6. Suppose 3*x - 15 = -4*p, -5*x - 2*p = -i - 32. List the prime factors of x.
3
Let c be (-4)/10 + (-7)/(-5). Let g(n) = 2*n**3 + n**2 + n - 1. What are the prime factors of g(c)?
3
Let h(i) = 2*i**2 - 2*i + 6. What are the prime factors of h(-5)?
2, 3, 11
Let y = 270 + -130. What are the prime factors of y?
2, 5, 7
Let z = -8 + 7. Let x = 20 + z. List the prime factors of x.
19
Let l(a) = 19*a**2 - 13*a - 27. List the prime factors of l(-3).
3, 61
Suppose 0 = -4*l + 3*t - 11, -2*l - 3*l - 12 = -2*t. Let g be (-6)/12 - 23/l. Let n = -8 + g. List the prime factors of n.
3
Let r = 7 - 5. Let w(b) = -3 - 2 - 6*b - r*b + 2. List the prime factors of w(-2).
13
Let v(f) = -f**3 + 9*f**2 + 12*f - 13. Let t(s) = -s**3 - 6*s**2 - 3*s - 8. Let u be t(-6). What are the prime factors of v(u)?
7
Let m(v) = v**3 + 8*v**2 + 8*v + 10. Let p be m(-7). List the prime factors of ((-16)/24)/((-1)/p).
2
Let t = 54 + -12. Let o = t + -30. Suppose 0*d = -2*d + o. What are the prime factors of d?
2, 3
Let t = 12 - 8. Suppose 0 = 2*s + 4*l - 24, l = t*s - 3*l - 48. List the prime factors of s.
2, 3
Let o = 83 - 77. List the prime factors of o.
2, 3
Let d(q) = 0 + 3*q**2 - q + 1 + 4*q. What are the prime factors of d(-2)?
7
Suppose -3*v + 3*h = -51, h - 20 = 6*h. List the prime factors of v.
13
Suppose -6 = -2*a + 4*a. Let t = 14 + a. List the prime factors of 4/(-22) + 57/t.
5
Let l = -8 - -11. Let n(s) = 28 - 3*s + 34 - 2*s - 58 + 2*s**2. What are the prime factors of n(l)?
7
Suppose 42 = 4*j - x - 94, -8 = -2*x. List the prime factors of j.
5, 7
Let w be (-2 - -11)/((-9)/(-12)). Let t(z) = -z**2 + 13*z - 7. What are the prime factors of t(w)?
5
Suppose -5*q + 136 = -l, -4*l = -0*l + 4. List the prime factors of q.
3
Suppose -w + 2*w - 58 = 5*a, -16 = 2*a + 2*w. Let o(y) = -6*y - 12. List the prime factors of o(a).
2, 3
Suppose -204 = -w + 5*w. What are the prime factors of 4/(w/(-24) - 2)?
2
Let j = -3 + 8. Suppose 5*k = 4*a + 124, -3*k = -0*k - j*a - 77. Let h = k - 13. List the prime factors of h.
11
What are the prime factors of 1/(2/50)*(-6)/(-15)?
2, 5
Let g(h) = -h**2 - 8*h - 6. Let m be g(-7). Suppose 3*l - m = 5. Suppose 5*i - 110 = -l*s, -2*i + 2*s = 2*i - 70. What are the prime factors of i?
2, 5
Let x(b) = 6 + b**2 - 3 - 4 - 2*b. What are the prime factors of x(-2)?
7
Suppose 3*j - 3 - 3 = 0. Suppose 2*r - 2*t + 47 = 5*r, 0 = 3*r - j*t - 31. What are the prime factors of r?
13
Let m(t) = -t + 5. Let x be m(5). Let s(b) = 2*b - 9. Let l be s(6). Let q = l + x. List the prime factors of q.
3
Let y(m) = m**3 + m**2 - 2*m + 2. What are the prime factors of y(2)?
2, 5
Suppose -5*m = -3*f - 137, 2*m - 2*f = -7*f + 30. Suppose p = -6 + m. What are the prime factors of p?
19
Let s(u) = 5 + 3*u - 3*u**2 + 6*u + 7 + 2*u**2. What are the prime factors of s(9)?
2, 3
Let j(z) = z**2 - 2*z - 4. Let w be j(6). Suppose 4*m - w = -0*m. What are the prime factors of -2 + 7 + -3 + m?
7
Suppose -3*q + 92 = 2. List the prime factors of q.
2, 3, 5
Let h(u) = -3*u**3 + 4*u**2 - 4*u + 3. Let q be h(2). Suppose -3*x - 101 = -4*f, -x = -3*f - 2*x + 79. Let k = f + q. List the prime factors of k.
13
Let c = -77 - -117. List the prime factors of c.
2, 5
Let n(b) = -5*b**2 - 20*b - 4. Let l(r) = -2*r**2 - 10*r - 2. Let w(s) = -7*l(s) + 3*n(s). What are the prime factors of w(5)?
3
What are the prime factors of (3 + -2 - 4) + 51?
2, 3
Let v be (1/(-2))/(2/(-24)). Let a be v/2*2 - 0. Suppose -22 = -5*l + 2*t, -2*l + 0*t = 2*t - a. List the prime factors of l.
2
Let t(k) = k**3 + 6*k**2 + k - 3. Let m be -4 + -2 - -3 - 2. List the prime factors of t(m).
17
Let m(r) = -4*r + 9. Let b be m(8). Let u = b - -40. List the prime factors of u.
17
What are the prime factors of (-56)/(-1)*(-1 - -2)?
2, 7
Suppose 4*a - 132 = -3*j, 3*a - 8*a - j + 165 = 0. What are the prime factors of a?
3, 11
Let m(q) = -q**2 - 2*q**2 + 4*q**2 - 5 - 8*q. Let t be m(9). Suppose -t*v + 56 - 4 = 0. List the prime factors of v.
13
Let a(m) = m**3 + 12*m**2 - m - 3. Let u be a(-12). What are the prime factors of 169/9 + 2/u?
19
Suppose 2*f - j - 14 = 0, -j - 4*j = 20. Suppose -w = 4*v - 33, 0*v - 2*v - 187 = -f*w. List the prime factors of w.
37
Let g(i) = 4*i - 1. Let y be ((-6)/2 + 0)*1. Let w be g(y). Let l = w + 21. What are the prime factors of l?
2
Suppose 16 = v - 3*a - 0, -2*v + 30 = -5*a. List the prime factors of v.
2, 5
Let v be (-5)/2*(-8)/10. Suppose x = -3*x - 5*r + 16, v = -2*x - 5*r. List the prime factors of x.
3
Suppose t - 2*t + 9 = 0. Suppose 7 + t = 4*h. List the prime factors of h.
2
Let p = 10 - 7. Suppose w + 28 = p*w. What are the prime factors of w?
2, 7
List the prime factors of ((-4)/4)/((-3)/99) + -3.
2, 3, 5
Let c be (-4)/(-5 + 1 + 2). Suppose -c*d = -d + 8. Let y = d + 18. What are the prime factors of y?
2, 5
Suppose -p - 19 = -5*o, p - 13 = -o - 2*o. Suppose 19 = -3*m + o*x + 205, 4*m - 223 = -3*x. List the prime factors of m.
2, 29
Let t = 404 + -231. List the prime factors of t.
173
Let j = 7 - 11. Let d(r) = -2*r**2 - 5*r + 2. Let v be d(j). Let q = 24 + v. What are the prime factors of q?
2, 7
Let g(o) = -2*o + 13. What are the prime factors of g(-6)?
5
Let j = -140 - -80. What are the prime factors of j/(-3) - (2 + 0)?
2, 3
What are the prime factors of 10/15 - (-12)/9?
2
Suppose 3*w - 5*o + 3*o - 212 = 0, -68 = -w + 2*o. List the prime factors of w.
2, 3
Suppose -4*v + 139 = -5. Suppose -v = 3*f - 0*f. What are the prime factors of f/42 - (-116)/14?
2
Let a(m) = -m**3 + 2*m**2 - 1. Let v be a(1). Suppose u - 5 - 20 = v. Suppose 0 = t - 2*z - u, 4*z + 65 = 4*t + 3*z. List the prime factors of t.
3, 5
Suppose 5*z - 125 = 4*z. What are the prime factors of z?
5
Suppose 50 + 126 = 2*x. List the prime factors of x.
2, 11
Suppose -7*k + 5*k = -380. List the prime factors of k.
2, 5, 19
Let y(r) = r**2 - r + 12. List the prime factors of y(0).
2, 3
Suppose 0 = 2*j - 7*j - 4*r - 22, -5*j + 5*r = -5. Let x(n) = -3*n**2 - 2*n - n**3 - n**3 + n**2. What are the prime factors of x(j)?
2, 3
Let d(s) = -s + 3. Let f be d(-9). Let l = -8 + f. What are the prime factors of l?
2
List the prime factors of 146/3*9/6.
73
Let o = 6 + -8. Let p = o + 7. Suppose -17 = -5*w + 3*a, 5*a = -p*w + 2*a + 23. List the prime factors of w.
2
Suppose 5*l + 20 = 3*w, 0*w + 3*l + 4 = w. List the prime factors of w.
2, 5
Let m(w) = 8 - 6*w - 11 + 4*w. Let k be m(-4). What are the prime factors of k - (2/1 - 5)?
2
Let o(p) = 14*p. Let t(d) = 5*d. Let j(a) = 4*o(a) - 11*t(a). Let h be j(4). Suppose 3*s - 5*b = 12 - 5, -h*s + 52 = 4*b. What are the prime factors of s?
3
Let z(i) = -i**2 - 2*i**2 + 0*i**2 + 4*i**2 - 3*i. What are the prime factors of z(-3)?
2, 3
Suppose -2*l = u - 14, -5*u + 3*l - l + 10 = 0. Suppose -38 = -r - r + u*h, 5*h = -20. What are the prime factors of r?
11
Let n(z) = z**2 + 4 - 5 + 4 + 6 - 7*z. Let v be n(6). Suppose -3*g + 7*g + o = 8, v*g = -2*o + 6. What are the prime factors of g?
2
Let n = -4 - -6. Let o be n/6*-1*-6. Suppose -1 = -o*w + 43. What are the prime factors of w?
2, 11
Let f(s) = s**2 + s - 6. Let z be f(-8). Suppose 2*l - 36 = z. What are the prime factors of l?
43
List the prime factors of 5 - 3 - 1 - -20.
3, 7
Suppose 5*a - 3*v + 14 = -4*v, -4*v = 3*a + 22. Suppose 16 = 4*m - 2*m. Let n = m + a. List the prime factors of n.
2, 3
Let s = 46 + 30. List the prime factors of s.
2, 19
Let r be (-2)/(-7) - (-642)/(-42). What are the prime factors of (-357)/r - (-2)/10?
2, 3
Let h be -1 - 1*-1 - 0. Let v(z) = z**2 + 6*z + 6. Let s be v(-5). Suppose x - 1 - s = h. List the prime factors of x.
2
Suppose -4 = -2*k - 0. Suppose 3 + 0 = b + 3*y, -2*b + k*y = -22. What are the prime factors of b?
3
Let d = -10 - -56. List the prime factors of (d/4)/(2/4).
23
Let h(a) = 9*a + 1. Let l(w) = 9*w + 2. Let f(u) = -6*h(u) + 5*l(u). What are the prime factors of f(-2)?
2, 11
Suppose 0 = 3*s - 47 - 16. Suppose 0 = -2*z + 3*t + 40, 2*z - 2*t - s = 21. List the prime factors of z.
23
Suppose -4*a + 8 = 0, 4*v = 2*a + 3*a + 10. Suppose v*u + 63 - 258 = 0. List the prime factors of u.
3, 13
Suppose -5*c + 4*j - 113 = 0, -3*j = -j + 6. Let k be 41 - -1*(0 + 0). Let x = c + k. List the prime 